{"id":2,"date":"2023-02-24T21:23:18","date_gmt":"2023-02-24T21:23:18","guid":{"rendered":"https:\/\/iiikdd.clubrav4.es\/?page_id=2"},"modified":"2023-03-13T16:51:51","modified_gmt":"2023-03-13T16:51:51","slug":"pagina-ejemplo","status":"publish","type":"page","link":"https:\/\/iiikdd.clubrav4.es\/index.php\/pagina-ejemplo\/","title":{"rendered":"PLANING KDD"},"content":{"rendered":"\n<p class=\"has-large-font-size\">12 de Mayo de 2023<\/p>\n\n\n\n<p>Para los que est\u00e9n el viernes 12, a partir de las 7pm se les recoger\u00e1 en el hotel, para dar un paseo andando por el recorrido del encierro incluido el ayuntamiento desde donde se lanza el famoso chupinazo el inicio de las fiestas de San Fermin.<\/p>\n\n\n\n<p>Creamos un grupo para irnos comunicando los asistentes a la KDD y no colapsar el grupo general.<\/p>\n\n\n\n<div class=\"is-content-justification-center is-layout-flex wp-container-1 wp-block-buttons\">\n<div class=\"wp-block-button\"><a class=\"wp-block-button__link wp-element-button\" href=\"https:\/\/chat.whatsapp.com\/EaBe7t0zmaC2pzVRETpHLD\" target=\"_blank\" rel=\"noreferrer noopener\">Acceso Whatsapp <\/a><\/div>\n<\/div>\n\n\n\n<p class=\"has-text-align-center\"><\/p>\n\n\n\n<p class=\"has-large-font-size\">13 de mayo de 2023<\/p>\n\n\n\n<p>Desayuno y a continuaci\u00f3<\/p>\n\n\n\n<p>El s\u00e1bado <strong>saldremos desde el hotel a las 9h<\/strong> para hacer la Javierada una especie al camino de Santiago propio de la comunidad.<br>Seguiremos bordeando el Pantano de Yesa con sus vistas impresionantes.<\/p>\n\n\n\n<iframe loading=\"lazy\" src=\"https:\/\/www.google.com\/maps\/d\/u\/0\/embed?mid=1tWM8FrvKfZGUGDbxWJlLUAox2Hbyl7Q&amp;ehbc=2E312F\" width=\"640\" height=\"480\"><\/iframe>\n\n\n\n<p><br>Pasando a la comunidad de Arag\u00f3n y subiendo al pirineo Navarro adentr\u00e1ndose en los montes y la naturaleza en estado puro donde <strong>comeremos a la 13h<\/strong> en Borda Chiquin situado en el valle de Ans\u00f3.<\/p>\n\n\n\n<figure class=\"wp-block-pullquote\"><blockquote><p><strong>PRIMEROS PLATOS<\/strong><br>&#8211; Migas de Pastor<br>&#8211; Alubias blancas<br>&#8211; Garbanzos<br>&#8211; Sopa<br><strong>SEGUNDOS PLATOS<\/strong><br><em>(seg\u00fan existencias puede variar alg\u00fan plato)<\/em><br>-Costillas y chuletas de cordero a la brasa<br>&#8211; Conejo a la brasa<br>&#8211; Bacalao Ajoarriero<br>&#8211; Carne a la pastora (guiso de cordero)<br>&#8211; Carrillos en salsa<br>pan agua, vino de la casa y caf\u00e9 incluido <br><strong>22\u20ac por cabeza.<\/strong><br><em>No hay men\u00fa infantil, desde la Borda proponen que los ni\u00f1os tomen \u00bd men\u00fa a 11\u20ac el cubierto.<\/em><\/p><\/blockquote><\/figure>\n\n\n\n<p><br>Despu\u00e9s de comer haremos un peque\u00f1o tramo de offroad sin dificultad alguna.<br>Regresaremos pasando por los pueblos de la geograf\u00eda Navarra.<\/p>\n\n\n\n<p><\/p>\n\n\n\n<iframe loading=\"lazy\" frameborder=\"0\" scrolling=\"no\" src=\"https:\/\/es.wikiloc.com\/wikiloc\/spatialArtifacts.do?event=view&amp;id=126742712&amp;measures=on&amp;title=on&amp;near=off&amp;images=off&amp;maptype=H\" width=\"700\" height=\"500\"><\/iframe><div style=\"color:#777;font-size:11px;line-height:16px;\">Powered by <a style=\"color:#06d;font-size:11px;line-height:16px;\" target=\"_blank\" href=\"https:\/\/es.wikiloc.com\" rel=\"noopener\">Wikiloc<\/a><\/div>\n\n\n\n<p>Al acabar el recorrido, realizaremos la <strong>Asamblea de socios<\/strong>, cuya convocatoria se remitir\u00e1 a todos los socios a trav\u00e9s de correo electr\u00f3nico.<\/p>\n\n\n\n<p>Cenaremos en un centro comercial en las inmediaciones del hotel.<\/p>\n\n\n\n<p class=\"has-large-font-size\">14 de mayo de 2023<\/p>\n\n\n\n<p>El domingo se dar\u00e1 opci\u00f3n a quienes puedan quedarse a hacer una peque\u00f1a ruta por alrededores.<\/p>\n\n\n\n<p>Finalizar\u00e1 la KDD con una comida de despedida para quienes puedan.<\/p>\n\n\n\n<p><\/p>\n","protected":false},"excerpt":{"rendered":"<p> [&hellip;]<\/p>\n","protected":false},"author":1,"featured_media":0,"parent":0,"menu_order":0,"comment_status":"closed","ping_status":"open","template":"","meta":[],"_links":{"self":[{"href":"https:\/\/iiikdd.clubrav4.es\/index.php\/wp-json\/wp\/v2\/pages\/2"}],"collection":[{"href":"https:\/\/iiikdd.clubrav4.es\/index.php\/wp-json\/wp\/v2\/pages"}],"about":[{"href":"https:\/\/iiikdd.clubrav4.es\/index.php\/wp-json\/wp\/v2\/types\/page"}],"author":[{"embeddable":true,"href":"https:\/\/iiikdd.clubrav4.es\/index.php\/wp-json\/wp\/v2\/users\/1"}],"replies":[{"embeddable":true,"href":"https:\/\/iiikdd.clubrav4.es\/index.php\/wp-json\/wp\/v2\/comments?post=2"}],"version-history":[{"count":5,"href":"https:\/\/iiikdd.clubrav4.es\/index.php\/wp-json\/wp\/v2\/pages\/2\/revisions"}],"predecessor-version":[{"id":71,"href":"https:\/\/iiikdd.clubrav4.es\/index.php\/wp-json\/wp\/v2\/pages\/2\/revisions\/71"}],"wp:attachment":[{"href":"https:\/\/iiikdd.clubrav4.es\/index.php\/wp-json\/wp\/v2\/media?parent=2"}],"curies":[{"name":"wp","href":"https:\/\/api.w.org\/{rel}","templated":true}]}}

<p class="has-large-font-size">12 de Mayo de 2023</p>



<p>Para los que estén el viernes 12, a partir de las 7pm se les recogerá en el hotel, para dar un paseo andando por el recorrido del encierro incluido el ayuntamiento desde donde se lanza el famoso chupinazo el inicio de las fiestas de San Fermin.</p>



<p>Creamos un grupo para irnos comunicando los asistentes a la KDD y no colapsar el grupo general.</p>



<div class="is-content-justification-center is-layout-flex wp-container-1 wp-block-buttons">
<div class="wp-block-button"><a class="wp-block-button__link wp-element-button" href="https://chat.whatsapp.com/EaBe7t0zmaC2pzVRETpHLD" target="_blank" rel="noreferrer noopener">Acceso Whatsapp </a></div>
</div>



<p class="has-text-align-center"></p>



<p class="has-large-font-size">13 de mayo de 2023</p>



<p>Desayuno y a continuació</p>



<p>El sábado <strong>saldremos desde el hotel a las 9h</strong> para hacer la Javierada una especie al camino de Santiago propio de la comunidad.<br>Seguiremos bordeando el Pantano de Yesa con sus vistas impresionantes.</p>



<iframe loading="lazy" src="https://www.google.com/maps/d/u/0/embed?mid=1tWM8FrvKfZGUGDbxWJlLUAox2Hbyl7Q&amp;ehbc=2E312F" width="640" height="480"></iframe>



<p><br>Pasando a la comunidad de Aragón y subiendo al pirineo Navarro adentrándose en los montes y la naturaleza en estado puro donde <strong>comeremos a la 13h</strong> en Borda Chiquin situado en el valle de Ansó.</p>



<figure class="wp-block-pullquote"><blockquote><p><strong>PRIMEROS PLATOS</strong><br>&#8211; Migas de Pastor<br>&#8211; Alubias blancas<br>&#8211; Garbanzos<br>&#8211; Sopa<br><strong>SEGUNDOS PLATOS</strong><br><em>(según existencias puede variar algún plato)</em><br>-Costillas y chuletas de cordero a la brasa<br>&#8211; Conejo a la brasa<br>&#8211; Bacalao Ajoarriero<br>&#8211; Carne a la pastora (guiso de cordero)<br>&#8211; Carrillos en salsa<br>pan agua, vino de la casa y café incluido <br><strong>22€ por cabeza.</strong><br><em>No hay menú infantil, desde la Borda proponen que los niños tomen ½ menú a 11€ el cubierto.</em></p></blockquote></figure>



<p><br>Después de comer haremos un pequeño tramo de offroad sin dificultad alguna.<br>Regresaremos pasando por los pueblos de la geografía Navarra.</p>



<p></p>



<iframe loading="lazy" frameborder="0" scrolling="no" src="https://es.wikiloc.com/wikiloc/spatialArtifacts.do?event=view&amp;id=126742712&amp;measures=on&amp;title=on&amp;near=off&amp;images=off&amp;maptype=H" width="700" height="500"></iframe><div style="color:#777;font-size:11px;line-height:16px;">Powered by <a style="color:#06d;font-size:11px;line-height:16px;" target="_blank" href="https://es.wikiloc.com" rel="noopener">Wikiloc</a></div>



<p>Al acabar el recorrido, realizaremos la <strong>Asamblea de socios</strong>, cuya convocatoria se remitirá a todos los socios a través de correo electrónico.</p>



<p>Cenaremos en un centro comercial en las inmediaciones del hotel.</p>



<p class="has-large-font-size">14 de mayo de 2023</p>



<p>El domingo se dará opción a quienes puedan quedarse a hacer una pequeña ruta por alrededores.</p>



<p>Finalizará la KDD con una comida de despedida para quienes puedan.</p>



<p></p>
